{"id":181,"date":"2014-06-30T14:47:28","date_gmt":"2014-06-30T14:47:28","guid":{"rendered":"http:\/\/flyfiesch.co.nf\/?page_id=181"},"modified":"2026-03-23T18:21:52","modified_gmt":"2026-03-23T18:21:52","slug":"181-2","status":"publish","type":"page","link":"https:\/\/www.flyfiesch.com\/?page_id=181","title":{"rendered":"F\u00f6hn"},"content":{"rendered":"<p style=\"text-align: justify;\">I strongly recommend <a href=\"https:\/\/www.meteoswiss.admin.ch\/weather\/weather-and-climate-from-a-to-z\/foehn.html\" target=\"_blank\" rel=\"noopener\">this page on Meteoschweiz<\/a> for an explanation of f\u00f6hn as it affects the Swiss Alps.\u00a0 In particular, you should note this image showing wind directions which indicate f\u00f6hn:<\/p>\n<div id=\"attachment_4168\" style=\"width: 1130px\" class=\"wp-caption aligncenter\"><a href=\"https:\/\/www.flyfiesch.com\/wp-content\/uploads\/2026\/03\/Screenshot-2026-03-23-at-17-36-40-Foehn-MeteoSwiss.png\"><img loading=\"lazy\" decoding=\"async\" aria-describedby=\"caption-attachment-4168\" class=\"size-full wp-image-4168\" src=\"https:\/\/www.flyfiesch.com\/wp-content\/uploads\/2026\/03\/Screenshot-2026-03-23-at-17-36-40-Foehn-MeteoSwiss.png\" alt=\"\" width=\"1120\" height=\"726\" srcset=\"https:\/\/www.flyfiesch.com\/wp-content\/uploads\/2026\/03\/Screenshot-2026-03-23-at-17-36-40-Foehn-MeteoSwiss.png 1120w, https:\/\/www.flyfiesch.com\/wp-content\/uploads\/2026\/03\/Screenshot-2026-03-23-at-17-36-40-Foehn-MeteoSwiss-300x194.png 300w, https:\/\/www.flyfiesch.com\/wp-content\/uploads\/2026\/03\/Screenshot-2026-03-23-at-17-36-40-Foehn-MeteoSwiss-1024x664.png 1024w, https:\/\/www.flyfiesch.com\/wp-content\/uploads\/2026\/03\/Screenshot-2026-03-23-at-17-36-40-Foehn-MeteoSwiss-768x498.png 768w, https:\/\/www.flyfiesch.com\/wp-content\/uploads\/2026\/03\/Screenshot-2026-03-23-at-17-36-40-Foehn-MeteoSwiss-500x324.png 500w\" sizes=\"(max-width: 1120px) 100vw, 1120px\" \/><\/a><p id=\"caption-attachment-4168\" class=\"wp-caption-text\">Valley wind directions indicating f\u00f6hn<\/p><\/div>\n<p style=\"text-align: justify;\">Fiesch is \u2013 in theory \u2013 vulnerable to f\u00f6hn from the north as well as the south, but this word is generally used in German-speaking Switzerland to refer to conditions with a southerly origin.\u00a0 Also, some pilots here apply the term somewhat loosely to any adverse winds on the lee side of a mountain range (which are, after all, what we need to be concerned about) so for the purposes of explanation, I have adopted those two conventions here.<\/p>\n<p style=\"text-align: justify;\">Although getting caught in full-on f\u00f6hn in these big mountains would be unpleasant and dangerous, a forecast of \u201cmild f\u00f6hn tendency\u201d is often associated with excellent flying conditions here, particularly for long one-way XCs to the east, so you may find that you are having to balance this risk against the potential for a good flight.\u00a0 Also, f\u00f6hn may develop gradually during the day, requiring a decision as to whether to continue or abandon flying, so it\u2019s important to be able not only to predict it, but also to recognise its early manifestations.<\/p>\n<p style=\"text-align: justify;\">When assessing the risk of f\u00f6hn, I start off by taking a glance at the synoptic chart to get an idea of the general weather situation and to put other information in context.\u00a0 An approaching Atlantic depression and cold front usually guarantees its development, which can often start even when the front is still located in the western half of France.\u00a0 This chart shows the typical pattern, with the classic \u201cf\u00f6hn knee\u201d feature in somewhat exaggerated form:<\/p>\n<div id=\"attachment_3963\" style=\"width: 1010px\" class=\"wp-caption aligncenter\"><a href=\"https:\/\/www.flyfiesch.com\/wp-content\/uploads\/2024\/09\/Foehn-knee.jpg\"><img loading=\"lazy\" decoding=\"async\" aria-describedby=\"caption-attachment-3963\" class=\"wp-image-3963\" src=\"https:\/\/www.flyfiesch.com\/wp-content\/uploads\/2024\/09\/Foehn-knee.jpg\" alt=\"\" width=\"1000\" height=\"990\" srcset=\"https:\/\/www.flyfiesch.com\/wp-content\/uploads\/2024\/09\/Foehn-knee.jpg 500w, https:\/\/www.flyfiesch.com\/wp-content\/uploads\/2024\/09\/Foehn-knee-300x297.jpg 300w, https:\/\/www.flyfiesch.com\/wp-content\/uploads\/2024\/09\/Foehn-knee-150x150.jpg 150w\" sizes=\"(max-width: 1000px) 100vw, 1000px\" \/><\/a><p id=\"caption-attachment-3963\" class=\"wp-caption-text\">Classic synoptic chart associated with f\u00f6hn<\/p><\/div>\n<p style=\"text-align: justify;\">I then check out a prediction of ground level north-south \u201c<a href=\"https:\/\/www.flyfiesch.com\/?page_id=3957\">overpressure<\/a>\u201d (explained on a separate page) \u2013\u00a0 the\u00a0 difference in atmospheric pressure between Lugano (to the south) and Z\u00fcrich (to the north), which is available at <a href=\"https:\/\/profiwetter.ch\/index.php?show=wind_foehn_ch&amp;lang=en\" target=\"_blank\" rel=\"noopener\">Profiwetter<\/a>:<\/p>\n<p style=\"text-align: justify;\"><a href=\"https:\/\/www.flyfiesch.com\/wp-content\/uploads\/2024\/09\/Profiwetter-2024-09-21.jpg\"><img loading=\"lazy\" decoding=\"async\" class=\"aligncenter wp-image-3990 size-full\" src=\"https:\/\/www.flyfiesch.com\/wp-content\/uploads\/2024\/09\/Profiwetter-2024-09-21.jpg\" alt=\"\" width=\"1088\" height=\"723\" srcset=\"https:\/\/www.flyfiesch.com\/wp-content\/uploads\/2024\/09\/Profiwetter-2024-09-21.jpg 1088w, https:\/\/www.flyfiesch.com\/wp-content\/uploads\/2024\/09\/Profiwetter-2024-09-21-300x199.jpg 300w, https:\/\/www.flyfiesch.com\/wp-content\/uploads\/2024\/09\/Profiwetter-2024-09-21-1024x680.jpg 1024w, https:\/\/www.flyfiesch.com\/wp-content\/uploads\/2024\/09\/Profiwetter-2024-09-21-768x510.jpg 768w, https:\/\/www.flyfiesch.com\/wp-content\/uploads\/2024\/09\/Profiwetter-2024-09-21-500x332.jpg 500w\" sizes=\"(max-width: 1088px) 100vw, 1088px\" \/><\/a><\/p>\n<p style=\"text-align: justify;\">It\u2019s said that the likelihood of f\u00f6hn becomes significant if the value exceeds 4 hPa.\u00a0 However,\u00a0 it really isn\u2019t as simple as that; on that basis 21.09.24 should have been ok, but as the two charts below (from that date) show, it wasn\u2019t.\u00a0 In the spring, 2 hPa can be enough, and higher humidity (or precipitation) on the side of the Alps from which the airflow originates can also increase its likelihood.\u00a0 Another issue is that the pressure difference at altitude may be completely different from the value at ground level (but impossible to determine).\u00a0 In August 2024 there was even one day when this chart showed 5 hPa of north overpressure, but south f\u00f6hn arose around Fiesch because of a significant gradient in the opposite direction higher up.\u00a0 I have also often noticed that a rapid change of pressure in either direction is associated with unexpected winds, not always because that indicates some general weather disturbance around.<\/p>\n<p style=\"text-align: justify;\">In assessing the risk of f\u00f6hn I pay the greatest attention to the wind forecasts at <a href=\"https:\/\/xctherm.com\/icon\" target=\"_blank\" rel=\"noopener\">XCTherm<\/a>, in particular the charts showing the flows at 2,000m.\u00a0 This example shows unmistakeable signs of f\u00f6hn, with an easterly breeze at Visp (when the normal direction would be from the west), a southerly flow in the Haslital to the north of Oberwald (where the Grimseler would usually be blowing from the north), a southerly breeze to the north of Andermatt (when a vigorous northerly is almost always present on a thermic day) and a southerly wind blowing into Disentis (instead of the usual easterly):<\/p>\n<div id=\"attachment_3989\" style=\"width: 1930px\" class=\"wp-caption aligncenter\"><a href=\"https:\/\/www.flyfiesch.com\/wp-content\/uploads\/2024\/09\/XC-Therm-foehn-chart.jpg\"><img loading=\"lazy\" decoding=\"async\" aria-describedby=\"caption-attachment-3989\" class=\"wp-image-3989 size-full\" src=\"https:\/\/www.flyfiesch.com\/wp-content\/uploads\/2024\/09\/XC-Therm-foehn-chart.jpg\" alt=\"\" width=\"1920\" height=\"890\" srcset=\"https:\/\/www.flyfiesch.com\/wp-content\/uploads\/2024\/09\/XC-Therm-foehn-chart.jpg 1920w, https:\/\/www.flyfiesch.com\/wp-content\/uploads\/2024\/09\/XC-Therm-foehn-chart-300x139.jpg 300w, https:\/\/www.flyfiesch.com\/wp-content\/uploads\/2024\/09\/XC-Therm-foehn-chart-1024x475.jpg 1024w, https:\/\/www.flyfiesch.com\/wp-content\/uploads\/2024\/09\/XC-Therm-foehn-chart-768x356.jpg 768w, https:\/\/www.flyfiesch.com\/wp-content\/uploads\/2024\/09\/XC-Therm-foehn-chart-1536x712.jpg 1536w, https:\/\/www.flyfiesch.com\/wp-content\/uploads\/2024\/09\/XC-Therm-foehn-chart-500x232.jpg 500w\" sizes=\"(max-width: 1920px) 100vw, 1920px\" \/><\/a><p id=\"caption-attachment-3989\" class=\"wp-caption-text\">XCTherm chart predicting winds at 2,000m, showing typical features of f\u00f6hn<\/p><\/div>\n<p style=\"text-align: justify;\">In the morning, an <a href=\"https:\/\/winds.mobi\/stations\/map\" target=\"_blank\" rel=\"noopener\">overall review of the weather stations<\/a> may also reveal f\u00f6hn, as shown here:<\/p>\n<div id=\"attachment_3988\" style=\"width: 1930px\" class=\"wp-caption aligncenter\"><a href=\"https:\/\/www.flyfiesch.com\/wp-content\/uploads\/2024\/09\/Winds-mobi-2024-09-21.jpg\"><img loading=\"lazy\" decoding=\"async\" aria-describedby=\"caption-attachment-3988\" class=\"wp-image-3988 size-full\" src=\"https:\/\/www.flyfiesch.com\/wp-content\/uploads\/2024\/09\/Winds-mobi-2024-09-21.jpg\" alt=\"\" width=\"1920\" height=\"890\" srcset=\"https:\/\/www.flyfiesch.com\/wp-content\/uploads\/2024\/09\/Winds-mobi-2024-09-21.jpg 1920w, https:\/\/www.flyfiesch.com\/wp-content\/uploads\/2024\/09\/Winds-mobi-2024-09-21-300x139.jpg 300w, https:\/\/www.flyfiesch.com\/wp-content\/uploads\/2024\/09\/Winds-mobi-2024-09-21-1024x475.jpg 1024w, https:\/\/www.flyfiesch.com\/wp-content\/uploads\/2024\/09\/Winds-mobi-2024-09-21-768x356.jpg 768w, https:\/\/www.flyfiesch.com\/wp-content\/uploads\/2024\/09\/Winds-mobi-2024-09-21-1536x712.jpg 1536w, https:\/\/www.flyfiesch.com\/wp-content\/uploads\/2024\/09\/Winds-mobi-2024-09-21-500x232.jpg 500w\" sizes=\"(max-width: 1920px) 100vw, 1920px\" \/><\/a><p id=\"caption-attachment-3988\" class=\"wp-caption-text\">Wind pattern typical of f\u00f6hn<\/p><\/div>\n<p style=\"text-align: justify;\">The important features to note on this chart are the same as those in the XCTherm prediction, and also in particular how the winds at lower altitudes in the valley are stronger than those at the peaks, and blowing downwards, not upwards as one would expect in thermic conditions.<\/p>\n<p style=\"text-align: justify;\">Once you are at any of the Fiescheralp takeoffs, you have a good view of the mountains which form the border between Switzerland and Italy, around 13km to the south-east.\u00a0 It\u2019s quite common to see \u201cf\u00f6hnmauer\u201d there \u2013 a wall of cloud on the ridge \u2013 even on days when f\u00f6hn doesn\u2019t materialise.\u00a0 Take some time to watch this closely; when the cloud appears stationary, the day may well be spared, but if you can see it pouring down the slope towards you like a waterfall, then it\u2019s likely that the flying conditions will be significantly affected (and I would be wondering whether I should be flying at all).<\/p>\n<div id=\"attachment_304\" style=\"width: 1010px\" class=\"wp-caption aligncenter\"><a href=\"https:\/\/flyfiesch.com\/wp-content\/uploads\/2014\/06\/Stau-cloud.jpg\"><img loading=\"lazy\" decoding=\"async\" aria-describedby=\"caption-attachment-304\" class=\"wp-image-304\" src=\"https:\/\/www.flyfiesch.com\/wp-content\/uploads\/2014\/06\/Stau-cloud.jpg\" alt=\"\" width=\"1000\" height=\"666\" srcset=\"https:\/\/www.flyfiesch.com\/wp-content\/uploads\/2014\/06\/Stau-cloud.jpg 709w, https:\/\/www.flyfiesch.com\/wp-content\/uploads\/2014\/06\/Stau-cloud-300x199.jpg 300w, https:\/\/www.flyfiesch.com\/wp-content\/uploads\/2014\/06\/Stau-cloud-500x332.jpg 500w\" sizes=\"(max-width: 1000px) 100vw, 1000px\" \/><\/a><p id=\"caption-attachment-304\" class=\"wp-caption-text\">Typical appearance from <a href=\"https:\/\/www.flyfiesch.com\/?page_id=208\">Heimat<\/a> takeoff of \u201cf\u00f6hnmauer\u201d \u2013 a wall of cloud on the ridge across the valley to the south-east of takeoff<\/p><\/div>\n<p style=\"text-align: justify;\">Once you&#8217;re airborne, live readings from weather stations (and visual observation of indicators such as wind turbines and cloud movements) help you to assess if f\u00f6hn is developing.\u00a0 It&#8217;s important to realise that the wind direction in nearby passes is of vital importance; if it&#8217;s coming towards you then you&#8217;re at risk, but when blowing away from you, you&#8217;re safe.\u00a0 Local tandem pilots often use their smartphones on the way to takeoff to check out values at Binn, Ulrichen, Visp and Rosswald; winds of more than gentle strength with a significant easterly component ring alarm bells.\u00a0 The wind speed at Binn is the most relevant to Fiesch itself, with 30km\/hr considered by the Flying Center Oberwallis as the upper limit of safety (but note that the downslope direction here, indicating south f\u00f6hn, is from the north-east).\u00a0 Near Ulrichen, it&#8217;s helpful to observe the speed and direction in which the Griespass turbines are rotating (anticlockwise is dangerous).\u00a0 When you are flying along the Urserntal, it\u2019s relevant to monitor the readings at Andermatt, G\u00fctsch and B\u00e4lmeten, and to observe the wind turbines in the Gotthardpass and at G\u00fctsch.<\/p>\n<div id=\"attachment_3576\" style=\"width: 577px\" class=\"wp-caption aligncenter\"><a href=\"https:\/\/flyfiesch.com\/wp-content\/uploads\/2023\/08\/IMG_4595a.jpg\"><img loading=\"lazy\" decoding=\"async\" aria-describedby=\"caption-attachment-3576\" class=\"wp-image-3576 size-full\" src=\"https:\/\/www.flyfiesch.com\/wp-content\/uploads\/2023\/08\/IMG_4595a.jpg\" alt=\"\" width=\"567\" height=\"972\" srcset=\"https:\/\/www.flyfiesch.com\/wp-content\/uploads\/2023\/08\/IMG_4595a.jpg 567w, https:\/\/www.flyfiesch.com\/wp-content\/uploads\/2023\/08\/IMG_4595a-175x300.jpg 175w, https:\/\/www.flyfiesch.com\/wp-content\/uploads\/2023\/08\/IMG_4595a-292x500.jpg 292w\" sizes=\"(max-width: 567px) 100vw, 567px\" \/><\/a><p id=\"caption-attachment-3576\" class=\"wp-caption-text\">Wind values indicating the arrival of f\u00f6hn<\/p><\/div>\n<p style=\"text-align: justify;\">If you are airborne around Fiesch and hazy conditions suddenly clear when the possibility of f\u00f6hn has been predicted for later, this is a sign that it may already have broken through down in the valley and suggests that you have outstayed your welcome.\u00a0 The safest option in this situation may be to land at takeoff level.\u00a0 A more typical scenario is that increasing wind readings or turbulence are approaching your &#8220;time to call it a day&#8221; threshold, so you decide it\u2019s best to land.\u00a0 In this situation, you should try to avoid locations exposed to wind from the side valleys mentioned above.\u00a0 The <a href=\"https:\/\/www.flyfiesch.com\/?page_id=239\">Fiesch landing field<\/a> is not exposed to the wind from the Binntal, but Lax (safer if <a href=\"https:\/\/www.flyfiesch.com\/?page_id=162\">Bise<\/a> has broken through) can be horrendous in that situation.\u00a0 It\u2019s best to avoid landing near <a href=\"https:\/\/www.flyfiesch.com\/?page_id=263\">Ulrichen<\/a> (or further east) but sufficient wind blowing out of the Agenetal there to cause concern will often be associated with thermodynamic lift on the slope directly opposite this outflow enabling you to gain sufficient height to reach <a href=\"https:\/\/www.flyfiesch.com\/?page_id=254\">Ritzingen<\/a>, which is likely to be your safest option.\u00a0 You should not overfly the <a href=\"https:\/\/www.flyfiesch.com\/?page_id=117\">M\u00fcnster sailplane runway<\/a> low (in June, July and August) but if it appears deserted, prioritising your safety may appeal.\u00a0 Near Brig, <a href=\"https:\/\/www.flyfiesch.com\/?page_id=3135\">Bitsch<\/a> is less exposed to the wind blowing down from the Simplon pass than options further west.\u00a0 In the <a href=\"https:\/\/www.flyfiesch.com\/?page_id=348\">Urserntal<\/a>, Zumdorf (half way between Realp and Hospental, identifiable from the air from the gravel works) is probably your best bet, and near <a href=\"https:\/\/www.flyfiesch.com\/?page_id=1556\">Disentis<\/a>, a downwind dash to <a href=\"https:\/\/www.flyfiesch.com\/?page_id=2566\">Trun<\/a> is likely to be safer than landing there in f\u00f6hn.<\/p>\n<p style=\"text-align: justify;\">An anomaly to bear in mind is that f\u00f6hn is often associated with a breeze from the north-east in the <a title=\"Lischa (Fiesch)\" href=\"https:\/\/www.flyfiesch.com\/?page_id=239\">Fiesch landing field<\/a>, for which there seems no obvious explanation.<\/p>\n<p style=\"text-align: justify;\">A <a href=\"https:\/\/www.flyfiesch.com\/?page_id=2946\">case study<\/a>, including various charts, illustrates some of these points.<\/p>\n<p style=\"text-align: justify;\">I hesitate to include an example flight here, as flying with f\u00f6hn around is not to be recommended.\u00a0 This one took place in borderline Lugano\/Z\u00fcrich south overpressure of 4 hPa, with wind readings suggesting significant f\u00f6hn at valley level in Andermatt at the time I overflew the village, making me somewhat apprehensive about my landing options, but led to no problems higher up or when I landed near Ilanz:<\/p>\n<div id=\"attachment_3641\" style=\"width: 1676px\" class=\"wp-caption aligncenter\"><a href=\"https:\/\/flyfiesch.com\/wp-content\/uploads\/2023\/09\/2023-06-18-foehn.jpg\"><img loading=\"lazy\" decoding=\"async\" aria-describedby=\"caption-attachment-3641\" class=\"wp-image-3641 size-full\" src=\"https:\/\/www.flyfiesch.com\/wp-content\/uploads\/2023\/09\/2023-06-18-foehn.jpg\" alt=\"\" width=\"1666\" height=\"881\" srcset=\"https:\/\/www.flyfiesch.com\/wp-content\/uploads\/2023\/09\/2023-06-18-foehn.jpg 1666w, https:\/\/www.flyfiesch.com\/wp-content\/uploads\/2023\/09\/2023-06-18-foehn-300x159.jpg 300w, https:\/\/www.flyfiesch.com\/wp-content\/uploads\/2023\/09\/2023-06-18-foehn-768x406.jpg 768w, https:\/\/www.flyfiesch.com\/wp-content\/uploads\/2023\/09\/2023-06-18-foehn-1024x542.jpg 1024w, https:\/\/www.flyfiesch.com\/wp-content\/uploads\/2023\/09\/2023-06-18-foehn-500x264.jpg 500w\" sizes=\"(max-width: 1666px) 100vw, 1666px\" \/><\/a><p id=\"caption-attachment-3641\" class=\"wp-caption-text\">Flight in borderline f\u00f6hnish conditions (click <a href=\"https:\/\/www.sportstracklive.com\/en\/track\/map\/XDrRob\/paragliding\/heidis-hutte-fiescherstafel-fiesch\/823072\/?mode=3D\" target=\"_blank\" rel=\"noopener\">here<\/a> for 3D visualisation, <a href=\"https:\/\/www.xcontest.org\/world\/en\/flights\/detail:XDrRob\/18.6.2023\/08:06\" target=\"_blank\" rel=\"noopener\">here<\/a> for XContest details)<\/p><\/div>\n<p style=\"text-align: justify;\">The header image (showing f\u00f6hnmauer in the Gotthard pass) was taken on another day with excellent conditions for <a href=\"https:\/\/www.xcontest.org\/world\/en\/flights\/detail:XDrRob\/7.8.2025\/08:19\" target=\"_blank\" rel=\"noopener\">flying from Fiesch over the passes, to Flims<\/a>.<\/p>\n","protected":false},"excerpt":{"rendered":"<p>I strongly recommend this page on Meteoschweiz for an explanation of f\u00f6hn as it affects the Swiss Alps.\u00a0 In particular, you should note this image showing wind directions which indicate f\u00f6hn: Fiesch is \u2013 in theory \u2013 vulnerable to f\u00f6hn &hellip; <a href=\"https:\/\/www.flyfiesch.com\/?page_id=181\">Continue reading <span class=\"meta-nav\">&rarr;<\/span><\/a><\/p>\n","protected":false},"author":1,"featured_media":4121,"parent":23,"menu_order":0,"comment_status":"closed","ping_status":"closed","template":"","meta":{"footnotes":""},"class_list":["post-181","page","type-page","status-publish","has-post-thumbnail","hentry"],"_links":{"self":[{"href":"https:\/\/www.flyfiesch.com\/index.php?rest_route=\/wp\/v2\/pages\/181"}],"collection":[{"href":"https:\/\/www.flyfiesch.com\/index.php?rest_route=\/wp\/v2\/pages"}],"about":[{"href":"https:\/\/www.flyfiesch.com\/index.php?rest_route=\/wp\/v2\/types\/page"}],"author":[{"embeddable":true,"href":"https:\/\/www.flyfiesch.com\/index.php?rest_route=\/wp\/v2\/users\/1"}],"replies":[{"embeddable":true,"href":"https:\/\/www.flyfiesch.com\/index.php?rest_route=%2Fwp%2Fv2%2Fcomments&post=181"}],"version-history":[{"count":90,"href":"https:\/\/www.flyfiesch.com\/index.php?rest_route=\/wp\/v2\/pages\/181\/revisions"}],"predecessor-version":[{"id":4178,"href":"https:\/\/www.flyfiesch.com\/index.php?rest_route=\/wp\/v2\/pages\/181\/revisions\/4178"}],"up":[{"embeddable":true,"href":"https:\/\/www.flyfiesch.com\/index.php?rest_route=\/wp\/v2\/pages\/23"}],"wp:featuredmedia":[{"embeddable":true,"href":"https:\/\/www.flyfiesch.com\/index.php?rest_route=\/wp\/v2\/media\/4121"}],"wp:attachment":[{"href":"https:\/\/www.flyfiesch.com\/index.php?rest_route=%2Fwp%2Fv2%2Fmedia&parent=181"}],"curies":[{"name":"wp","href":"https:\/\/api.w.org\/{rel}","templated":true}]}}